3. Suppose -7*q = -d*q - 14. Let b(t) = -10*t - 3. Let z(l) = l. Let y(f) = 2*b(f) + 18*z(f). What is y(q)?
8
Let b(p) = -p**2 + 10*p - 7. Let s = -461 + 457. Let o be (14/s)/(7/(-14)). Calculate b(o).
14
Let u = -7 + -12. Let x(a) = -20*a + 19. Let w be x(u). Let n(p) = -5*p - 10 + w*p**2 + 0*p**3 - 391*p**2 - p**3. Give n(7).
4
Let k(o) = o**2 + o - 17. Suppose 21*j + 68 = -21 - 16. Give k(j).
3
Suppose -j = -512 + 510. Let n(l) = -j + 2 - 8 - 8 - l + 2*l. Determine n(11).
-5
Let a(v) = 17*v**3 - 2*v - 1. Let w = -189 + 96. Let i = -94 - w. Determine a(i).
-16
Suppose -46*f - 2565 = -217*f. Let o(c) = -20*c + 302. What is o(f)?
2
Let o(t) = -8*t - 8. Let g(c) = 23*c + 21. Let l(a) = 4*g(a) + 11*o(a). Let k(s) = 11*s - 12. Let r(b) = -3*k(b) + 8*l(b). What is r(5)?
-1
Let r(i) = 2*i**2 + 77*i + 108. Let c be r(-38). Suppose 7*u + c = 35. Let q(w) = 3 + 3 + 3*w + 0. Calculate q(u).
-9
Let r(d) = -2 + 7*d - 2*d - d. Let m be 11/(15/(1980/242)). Give r(m).
22
Let a(o) be the third derivative of -73*o**2 + 0*o - 1/24*o**4 + 0 - 1/3*o**3. Determine a(7).
-9
Let v(i) be the third derivative of -i**5/60 - i**4/2 - 4*i**3/3 + 2*i**2 - 494. Give v(-9).
19
Let t(j) be the first derivative of -2*j**3/3 + 7*j**2/2 - 9*j + 976. What is t(3)?
-6
Let i(f) be the second derivative of f**2 + 1/20*f**5 - 1/2*f**3 + 2 + 1/12*f**4 - 29*f. What is i(-3)?
-7
Let s(o) = -o**3 - 20*o**2 - 38*o - 41. Let f = 3887 + -3905. Calculate s(f).
-5
Let s(q) = -q**3 - 2*q + 17. Let y(c) = -5*c**3 - c**2 + 16*c - 119. Let k(t) = -7*s(t) - y(t). What is k(-2)?
-88
Let u(i) be the third derivative of -i**4/24 - 3*i**3/2 + i**2. Let q(w) = w**2 - 392*w - 3200. Let j be q(-8). What is u(j)?
-9
Let l be (-6)/3 + 1 + 6. Let a be 30/(-255) + 121/17. Let s(b) = 2*b - 8*b - l*b + a*b. Calculate s(4).
-16
Let r(i) be the third derivative of 1/60*i**5 - 1/24*i**4 - 1/24*i**6 + 5*i**2 + 0*i + 0 - 1/6*i**3. Give r(-1).
6
Let z(t) = t**3 + t**2 + t - 3. Let l be z(0). Let k(a) = 2*a - 18. Let b(p) = 4*p - 18. Let g(n) = l*k(n) + 2*b(n). Give g(-11).
-4
Let i(n) = -n**3 + 1. Let c be (0 - 4/1)*(10/(-20) + 1). Give i(c).
9
Let k be 28/(-21)*(1 - -2). Let l(y) = 5*y + 23. Calculate l(k).
3
Let a = -2167 + 2171. Let f(d) = d**3 - 3*d**2 - 8*d + 10. Determine f(a).
-6
Suppose l - 156 = -11*l. Let y = l - 16. Let g be y/(18/(-4)) + (-50)/75. Let k(x) = -x - 9. Calculate k(g).
-9
Suppose 0*x + 12 = x + 2*z, -x + 4*z = 18. Suppose -4*i + x = -6. Suppose 0 = -i*r + 3*r. Let f(y) = y**2 - 2. Calculate f(r).
-2
Let c(f) be the third derivative of f**2 + 0*f - 1/120*f**6 - 1/10*f**5 + 0 + 1/6*f**3 - 1/6*f**4. Let y be 9*(-1 - 21/(-36)) - 178/712. Calculate c(y).
-15
Let f(u) = -u - 32. Let a(y) = -2*y - 59. Let s = 59 + -70. Let x(z) = s*f(z) + 6*a(z). Determine x(5).
-7
Let i(r) be the first derivative of -15*r**2 + 22*r + 728. Calculate i(2).
-38
Let k(i) be the third derivative of -i**4/24 - 5*i**3/3 + 208*i**2. What is k(-9)?
-1
Let y(k) = -3*k**2 + 48*k - 12. Let l(m) = -3*m**2 - 247*m - 66. Let p be l(-82). Calculate y(p).
-12
Let x(a) = a**3 + 6*a**2 - 4*a - 9. Let b be x(-6). Suppose 4*o + 5*q - 4 - 1 = 0, -o + 2*q + 11 = 0. Suppose -b = -8*g + o*g. Let n(l) = l**2 - 5*l. Give n(g).
0
Let n(w) = 7*w + 1. Let s(a) = -38*a - 6. Let u(p) = 13*p + 2. Let l(r) = -2*s(r) - 7*u(r). Let q(y) = 4*l(y) + 7*n(y). What is q(-1)?
10
Let x(f) = 387 - 140 - 138 - 136 - 23*f. What is x(-5)?
88
Let w(d) = d**3 + 14*d**2 - 3*d - 21. Suppose -p = 3*y + 45, -4*y - 95 = 4*p - 27. Give w(y).
21
Let l(n) = -n**2 + 2*n + 6. Let c(j) = -6*j**2 + 65*j - 15. Let r be c(11). Let y = 30 + r. Determine l(y).
-2
Let a(y) = 4*y + 2*y - 2104*y**2 - 36 - 16 + 2105*y**2. Determine a(5).
3
Let u(n) be the first derivative of -8 - 15*n + 0*n**2 + 1/6*n**3 - 1/2*n**4. Let z(l) be the first derivative of u(l). Calculate z(-1).
-7
Suppose 0 = g + 2*a - 30 + 45, -2*g = -a + 10. Let t(n) = 1. Let v(s) = -2*s - 1. Let b(z) = -6*t(z) - v(z). Determine b(g).
-19
Let u(d) = d + 3. Let j = 330 - 469. Let z = -148 - j. Calculate u(z).
-6
Let a(s) = -17*s**3 - 2*s + 1. Suppose -6*k - 144 = -18*k. Suppose -3*v + 0 - k = -3*j, -5*j = v - 26. Determine a(v).
-18
Let i(l) = -28*l**2 - 12*l + 97. Let x(c) = 21*c**2 + 9*c - 71. Let m(j) = -11*i(j) - 15*x(j). Determine m(-3).
-56
Let w(j) = -7*j**2 - 26*j + 68. Let u(i) = -6*i**2 - 25*i + 69. Let a(c) = 6*u(c) - 5*w(c). Let k be a(-23). Let g(n) = n**2 + n - 5. What is g(k)?
25
Let s(l) be the second derivative of l**4/12 + 5*l**3/6 - 5*l**2 - 3*l. Let x be 8/(-28) - (-376)/(-56). Determine s(x).
4
Let g = -1333 - -1335. Let l = -1 + 1. Let d(z) = 1 - 27*z + 26*z + l + z**2 + 3*z**g. Determine d(1).
4
Let r(l) = 2*l**3 - l**2 - 2*l - 3. Let o be (-2)/(-11) - 424/(-88). Let x be 5 - (-12 + o + 9). Determine r(x).
36
Let k(z) = 3*z - 3*z + z + 234*z**2 - 464*z**2 - 90 + 229*z**2. Give k(0).
-90
Suppose 15 = -6*t - 3. Let m(x) = -x**3 - 5*x**2 - 2*x - 11. Let d(g) = -g**3 - 4*g**2 - 2*g - 8. Let u(b) = -3*d(b) + 2*m(b). Give u(t).
-13
Let u(w) = w**3 - 35*w**2 - 2*w + 42. Let l be u(35). Let h be 2*-4*(-3 + l/(-8)). Let f(g) = g**3 + 2*g**2 - 5*g - 4. Give f(h).
-16
Let u(s) be the second derivative of -s**5/20 - s**4/6 + s**3/6 + 2*s**2 + 55943*s. Let r be -4 + (1 - 0)/1. Give u(r).
10
Let h(u) = 16*u - 1728*u**2 + 1727*u**2 + 56 - 10. Calculate h(19).
-11
Let d(z) be the second derivative of z**5/10 - z**4/12 - z**3/2 - z**2 - z - 168. Determine d(-1).
-2
Let j(c) = 8*c**2 - 38*c - 137. Let z(b) = -6*b**2 + 30*b + 144. Let r(w) = -2*j(w) - 3*z(w). Calculate r(-6).
-2
Let l = 442 - 930. Let u = -480 - l. Let j(y) = y - 4. Calculate j(u).
4
Let k(j) = j**3 - 35*j**2 - 39*j + 95. Let u = 3200 - 3164. Determine k(u).
-13
Suppose 10*z - 3*t - 30 = 13*z, -5*z - 4*t - 48 = 0. Let u(y) be the first derivative of -y**3/3 - 4*y**2 + 11*y + 2. Calculate u(z).
11
Let p = -18 + 17. Let h be -2*2/(2/p). Let x(t) = t**3 - t**2 - 6*t + 7. Let c be x(h). Let u(k) = k**2 - k. Determine u(c).
2
Let l be 144/180 - 4/5. Let n(v) = v**2 - 4*v - 3. Let k be n(5). Suppose -2*w - 3*x + 2 = -2, l = -4*w - x - k. Let t(j) = 2*j. What is t(w)?
-2
Let c(z) = -z**3 - 2*z**2 + 4*z + 10. Let v(p) = -p**2 - 3 + p + 1 + 1. Let k(q) = c(q) + 3*v(q). Suppose 4*l = -4*u - 16, 3*l - 9 = -3. What is k(u)?
1
Let z be 5*2/(-50)*-15. Let d(s) = 17*s - 8*s - z - s**2 - 21*s. What is d(-8)?
29
Let h(j) = 22*j**3 - 10*j**2 + 6*j + 5. Let p(f) = 10*f**3 - 2*f**2 + f + 1. Let r(l) = -h(l) + 5*p(l). Let k = 2 + -1. Calculate r(k).
27
Let z(b) = b**3 - b**2 - 5*b + 6. Suppose 26 = -13*j + 78. What is z(j)?
34
Let f(c) = c**3 + 14*c**2 + 4. Let b be f(-14). Let n(p) = 0 + b - 4 - 4*p. Let i be (-6)/39 - (-15)/13. Give n(i).
-4
Let j(l) = 152*l - 93. Let i(g) = 71*g - 46. Let o(w) = -13*i(w) + 6*j(w). What is o(13)?
-103
Let i = -1260 - -1252. Let z(u) = -u**3 - 7*u**2 - u - 81. What is z(i)?
-9
Let x(h) be the third derivative of 0 - 15*h**2 + 2/3*h**3 + 0*h + 1/8*h**4. Let f(z) = 16*z + 21. Let r(j) = 2*f(j) - 11*x(j). What is r(0)?
-2
Let f(x) = 2*x**2 + 12*x + 3. Let j = 8769 + -8774. Give f(j).
-7
Let v(k) = -13*k**2 + k + 5. Let y(a) = -52*a**2 + 3*a + 21. Let p(u) = -9*v(u) + 2*y(u). Let o(z) = 5*z**2 - z - 2. Let n(s) = -8*o(s) + 3*p(s). What is n(-4)?
-5
Let y(l) = -143*l - 35. Let t(z) = 1920*z + 456. Let o(q) = -2*t(q) - 27*y(q). Give o(-8).
-135
Let t(p) be the third derivative of -p**6/360 - 7*p**5/120 + 5*p**4/24 - 3*p**3/2 - 49*p**2. Let g(z) be the first derivative of t(z). What is g(-6)?
11
Let l(j) be the third derivative of j**7/2520 + j**6/72 + 7*j**5/120 - 85*j**4/24 - 79*j**2. Let v(o) be the second derivative of l(o). Calculate v(-9).
-2
Let t = 1 - 3. Let k be 136/(-8)*-2*(-1)/(-2). Let d(c) = 33*c**2 - 14*c**2 + 2 - k*c**2. What is d(t)?
10
Suppose -2*t + 6 = -8. Let x = t + -3. Let l(q) be the first derivative of q**2 + 2*q + 9816. Calculate l(x).
10
Let y(w) = -w**2 + 20*w + 18. Suppose -4*o + 29 = 2*b + 21, 0 = -b - 2. Suppose 8*v - 3*v + o*z = 111, 0 = 3*v - z - 61. Give y(v).
-3
Let m be (-10)/4 - (4 - 21/6). Let r(q) = -79*q + 44*q - q**2 + 34*q + 3. Give r(m).
-3
Let c(h) = -2*h**3 + 4*h**2 + 6*h + 3. Let k be 16/(288/(-54)) + 7. What is c(k)?
-37
Let l(x) = 4*x + 26. Let p be l(-6). Suppose -3*c = 8*k - 5*k, -4*k